n base 6, what is 144 + 1?
145
In base 4, what is -212 - 20?
-232
In base 15, what is 9cb4 + -3?
9cb1
In base 9, what is -171 - -14?
-156
In base 16, what is 2 - 3a?
-38
In base 7, what is 4 - -1535?
1542
In base 9, what is -4350 - 2?
-4352
In base 4, what is 1113 + 1?
1120
In base 9, what is 203 - 2?
201
In base 14, what is 6 - 19a8?
-19a2
In base 5, what is 330 + -140?
140
In base 2, what is 1101000111 - -100?
1101001011
In base 9, what is 11 - 3585?
-3574
In base 15, what is 3 + 1e7?
1ea
In base 8, what is 0 - 105?
-105
In base 13, what is -5 + 105?
100
In base 4, what is 1030 - 11?
1013
In base 2, what is -1011010 - -110?
-1010100
In base 7, what is -5 - -325?
320
In base 10, what is -3 - -534?
531
In base 3, what is 120 - 111?
2
In base 15, what is -8 - -30?
27
In base 13, what is -b3 - -3?
-b0
In base 10, what is 40 - 2?
38
In base 13, what is 2 + -3c?
-3a
In base 12, what is -12 - 494?
-4a6
In base 3, what is -2 + -1011?
-1020
In base 2, what is -100011100000 - -101?
-100011011011
In base 12, what is -10 - 19?
-29
In base 8, what is 0 - -251?
251
In base 5, what is -20422 - 10?
-20432
In base 2, what is 10000000 - -101?
10000101
In base 2, what is -10 + -111011110?
-111100000
In base 8, what is 31467 + 0?
31467
In base 11, what is 875 - -2?
877
In base 12, what is 3 - -64?
67
In base 4, what is -110230 - 11?
-110301
In base 11, what is -1 + -62?
-63
In base 9, what is 11 + -10?
1
In base 7, what is 30 - -11?
41
In base 15, what is -13 + -27?
-3a
In base 12, what is -8 + -ab?
-b7
In base 8, what is -514 - 30?
-544
In base 7, what is -3631 - 3?
-3634
In base 2, what is -11011000111 + 10?
-11011000101
In base 13, what is -3 + 88?
85
In base 10, what is -32 - 24?
-56
In base 8, what is 64 - -72?
156
In base 9, what is -38 + 8?
-30
In base 13, what is 21 - 4?
1a
In base 11, what is 6 - 20?
-15
In base 11, what is 766 - -2?
768
In base 15, what is -3e - 1?
-40
In base 10, what is 4 - 153?
-149
In base 3, what is -2 + 22012?
22010
In base 7, what is 1 - -125?
126
In base 10, what is -857 - 6?
-863
In base 15, what is -e9 + 4?
-e5
In base 15, what is -1b3 - -7?
-1ab
In base 2, what is 100001010100 + 1000?
100001011100
In base 8, what is -135 + 270?
133
In base 12, what is 235 + -2?
233
In base 7, what is 151400 + -5?
151362
In base 11, what is 3 - -85?
88
In base 11, what is -30 + 3?
-28
In base 14, what is -10 + -23?
-33
In base 3, what is -10 + 1202020?
1202010
In base 5, what is 1212 - -321?
2033
In base 13, what is 39 + 3?
3c
In base 10, what is -3 - 942?
-945
In base 8, what is -75 + -15?
-112
In base 5, what is 2201 + -1?
2200
In base 7, what is -100 - 113?
-213
In base 4, what is 20 - 1?
13
In base 12, what is 2b + -6a?
-3b
In base 12, what is -246 - -31?
-215
In base 7, what is 4321 - -5?
4326
In base 14, what is b + -13?
-6
In base 2, what is -101011 + -11?
-101110
In base 12, what is b - 187?
-178
In base 5, what is 1314 - 244?
1020
In base 15, what is -9b - -2?
-99
In base 8, what is -11 + 70?
57
In base 9, what is -17 - 14?
-32
In base 16, what is -4 - 6f?
-73
In base 3, what is 22210101 - 1?
22210100
In base 5, what is 1 + 111303?
111304
In base 13, what is -4 + 39?
35
In base 6, what is 4 + -5305?
-5301
In base 4, what is 122 + -110?
12
In base 16, what is -3 + b?
8
In base 14, what is -23dd + 0?
-23dd
In base 8, what is -22 - -3?
-17
In base 10, what is 3 - -31?
34
In base 8, what is 7 - -4263?
4272
In base 16, what is -c - 7?
-13
In base 13, what is 2 + -2a66?
-2a64
In base 15, what is 0 - 16a?
-16a
In base 11, what is 159 + 3?
161
In base 15, what is 5 + 1092?
1097
In base 15, what is d + 26?
34
In base 9, what is 27 + 353?
381
In base 8, what is 12655 + 2?
12657
In base 6, what is 2 + -340?
-334
In base 3, what is -12 - -12220?
12201
In base 4, what is 310 - 33?
211
In base 14, what is 3 - -98?
9b
In base 11, what is -a - 336a?
-3379
In base 5, what is -122 - 243?
-420
In base 11, what is -1 - 2220?
-2221
In base 7, what is -46 - -2?
-44
In base 2, what is 0 + 100011100?
100011100
In base 15, what is 1 + a7?
a8
In base 12, what is -35a + -24?
-382
In base 10, what is -3536 - -2?
-3534
In base 15, what is -403 + -2?
-405
In base 8, what is -1 - 1236?
-1237
In base 15, what is b + 20?
2b
In base 2, what is 1111 - -11101001?
11111000
In base 6, what is 5 - -114?
123
In base 15, what is -3 - -28?
25
In base 8, what is 3 + -76?
-73
In base 10, what is -39 + 2?
-37
In base 12, what is 89 + -5?
84
In base 14, what is 213 + 39?
24c
In base 13, what is -c0c + 4?
-c08
In base 3, what is -1 + 221221?
221220
In base 12, what is 156 - -6?
160
In base 9, what is 1135 + -2?
1133
In base 2, what is -1011101011 + 10?
-1011101001
In base 10, what is 110 + -2?
108
In base 2, what is 101 - 10010111000?
-10010110011
In base 8, what is -10 - 136?
-146
In base 14, what is -8 - dc?
-106
In base 2, what is 1001000010 - -11?
1001000101
In base 5, what is -131 - 13?
-144
In base 8, what is 0 - 2020?
-2020
In base 13, what is -5 - -10c?
107
In base 5, what is -10310 - -4?
-10301
In base 14, what is 1a + 0?
1a
In base 13, what is -5 + -22?
-27
In base 15, what is -18 - 52?
-6a
In base 5, what is 213 + -112?
101
In base 11, what is 15 - -142?
157
In base 15, what is -1378 - 5?
-137d
In base 13, what is 44 - -6?
4a
In base 14, what is -1 + -a3?
-a4
In base 3, what is 11222012 - -2?
11222021
In base 6, what is 5153 - -3?
5200
In base 2, what is -100 - 1000001010?
-1000001110
In base 5, what is 140323 + -10?
140313
In base 5, what is -10433 - 4?
-10442
In base 14, what is -5 - 22?
-27
In base 8, what is -4 - -20?
14
In base 16, what is 19 - -1?
1a
In base 11, what is -379 - -a?
-36a
In base 8, what is 16022 - 2?
16020
In base 4, what is -12 + 310?
232
In base 15, what is 6 + 245?
24b
In base 6, what is 34 - 30?
4
In base 3, what is -1 + -200001?
-200002
In base 11, what is 12a4 + 3?
12a7
In base 5, what is 12 + -24?
-12
In base 8, what is 2 - -3115?
3117
In base 5, what is -4 - -131?
122
In base 2, what is 100 + 110100010?
110100110
In base 6, what is 1 + 3?
4
In base 10, what is -8444 + 3?
-8441
In base 5, what is 124 + -424?
-300
In base 13, what is 2 + -567?
-565
In base 14, what is -16ad + 4?
-16a9
In base 13, what is 52 + 3?
55
In base 5, what is -1 + 1001?
1000
In base 11, what is 45a - 4?
456
In base 13, what is -324 - 2?
-326
In base 6, what is -2 + -14?
-20
In base 13, what is 6c - -3?
72
In base 2, what is 101 - -101100011?
101101000
In base 16, what is -f + b2?
a3
In base 5, what is -1 + -21?
-22
In base 8, what is 2006 + 0?
2006
In base 11, what is 14 + -41?
-28
In base 4, what is 310 + -1?
303
In base 14, what is -2a + 1a?
-10
In base 13, what is c + 2?
11
In base 2, what is -10001 - -1?
-10000
In base 4, what is 2113 + 10?
2123
In base 15, what is -2 - -3c2?
3c0
In base 4, what is 3 - -131100?
131103
In base 16, what is -3 - -27?
24
In base 5, what is -10 - -23332?
23322
In base 4, what is 201 - 30?
111
In base 10, what is 10 - -14?
24
In base 16, what is -c - 9?
-15
In base 11, what is 146 - 7?
13a
In base 13, what is -5 + 42?
3a
In base 10, what is -865 + 0?
-865
In base 9, what is 2 + 4452?
4454
In base 14, what is -4 + 2c?
28
In base 6, what is 455 - 0?
455
In base 11, what is 5 - -77?
81
In base 7, what is -403 - 13?
-416
In base 3, what is -211 + 102011?
101100
In base 12, what is -1b + 2a8?
289
In base 15, what is 13 - 5c?
-49
In base 8, what is -261 + -4?
-265
In base 6, what is -22 - 14?
-40
In base 12, what is -38 + 3?
-35
In base 14, what is 24 + 2?
26
In base 14, what is 5 - 54?
-4d
In base 6, what is 413 - 3?
410
In base 8, what is -240 - 5?
-245
In base 3, what is -2 - 21?
-100
In base 3, what is -22 + -11000?
-11022
In base 16, what is 1 + -2c?
-2b
In base 7, what is -16 + 123?
104
In base 4, what is 1200122 + 10?
1200132
In base 3, what is 11100 - 1220?
2110
In base 13, what is 24 + 1?
25
In base 4, what is -33201 + 11?
-33130
In base 9, what is 2 + -1057?
-1055
In base 13, what is -ab + 3?
-a8
In base 4, what is 2101 - 1?
2100
In base 11, what is -496 - 3?
-499
In base 7, what is 4 + -143?
-136
In base 15, what is 0 + 61?
61
In base 2, what is 101011011 - 100?
101010111
In base 5, what is -11 - 310?
-321
In base 9, what is -5 - -87?
82
In base 14, what is -7b81 + -3?
-7b84
In base 16, what is -3 - 80?
-83
In base 4, what is